2 - 62*y + 412. What is the thousands digit of l(-60)?
4
Let i be -23*(-2)/4*-2. Let l(f) = 3*f**2 - 103*f - 257. Let y be l(38). Let s = i + y. What is the units digit of s?
8
Let d = -68 + 77. Let r(s) = s**2 - 10*s + 28. Let t be r(d). Let b = 62 - t. What is the tens digit of b?
4
Let f(u) = 450*u**3 - 5*u + 5. Let x be f(1). Let h = 944 - x. What is the units digit of h?
4
What is the units digit of ((-3 - -2)*1)/((-230)/1327560)?
2
Suppose 4*f + 10*f = 126. What is the tens digit of f*(2984/6)/4?
1
Let i = -2074 + 3315. What is the units digit of i?
1
Let g = 13392 - 7898. What is the tens digit of g?
9
Let v = -1775 + 6815. What is the units digit of v?
0
Suppose 42*c - 45265 = 158603. What is the thousands digit of c?
4
Let w(o) = o**2 - 11*o + 18. Suppose 0 = 3*u + 2*u - 45. Let v be w(u). Suppose v = -3*y - 3, 4*t - 7*y = -8*y + 103. What is the units digit of t?
6
Let q(s) = 8*s + 134. Let x(r) = -2*r - 33. Let v(y) = -2*q(y) - 9*x(y). Let c = -1 + 7. What is the units digit of v(c)?
1
Let t(k) = -6*k**3 - 11*k**2 + 12*k - 35. Let o(v) = -24*v**3 - 42*v**2 + 45*v - 141. Let x(c) = -4*o(c) + 15*t(c). What is the tens digit of x(5)?
6
Suppose -12102 = 10944*l - 10922*l - 454676. What is the hundreds digit of l?
1
Let t be 4408 + (54/(-6) - -6). Suppose -h = n - 573, -4*n = 5*h - t + 1542. What is the hundreds digit of h?
5
Let y = 245 - 232. Let i(g) = 2*g**2 - 21*g - 40. What is the units digit of i(y)?
5
Suppose 0 = -3*k + 3*l + 85 - 13, 4*l = -3*k + 107. Let w = 109 - k. Suppose -9*i = -11*i + w. What is the tens digit of i?
4
Let x = -92 + 100. Suppose 2*z - z = -x. What is the tens digit of z/(-32) - (-638)/8?
8
Let g = -33 - -36. Suppose 5*v + 5*b - 2407 = 2*b, -g*b = 4*v - 1925. Let i = v + -323. What is the hundreds digit of i?
1
Let m(j) = -58*j**3 + 4*j**2 + 35*j + 52. What is the tens digit of m(-6)?
1
Suppose 0 = 284*i - 166177 - 2409135. What is the hundreds digit of i?
0
Let d = 155 - 152. Suppose -4*c - 21 = -25, 3*k - 651 = d*c. What is the tens digit of k?
1
Suppose -4*s = 2*r - 9032 + 1022, -r - 4003 = -2*s. Let i be 16/24 - s/(-3). Suppose -68 + i = 8*u. What is the units digit of u?
5
Suppose 537*k - 548*k = -48147. What is the tens digit of k?
7
Let w = -114 + 613. Let p = 718 - w. What is the tens digit of p?
1
Let j = 128 - -592. Suppose 6*a - j = a. What is the hundreds digit of a?
1
Suppose -39 = -y - 37. Suppose 5*i + y*t - 7*t = 40, 5*i - t = 60. What is the units digit of (-24 - i)/((-1)/2)?
4
Suppose 0 = -2*n + 6, 2*d - n + 6859 = 18796. Suppose 5*x - d = -5*w, 0 = 3*w - 3*x - 75 - 3501. What is the tens digit of w?
9
Let p = -1019 + 2085. Suppose -c + p = -249. What is the hundreds digit of c?
3
Let j = 263 + -374. Let m = j - -159. What is the tens digit of m?
4
Let m(f) be the first derivative of -5/2*f**2 + 7/3*f**3 + 7*f - 10 + 1/4*f**4. What is the units digit of m(-6)?
3
Let i(h) = h**2 - 11*h + 4. Let q be i(11). Let z(r) = 24*r**2 + 5*r - 18. What is the tens digit of z(q)?
8
Let p(d) = 306*d**3 + 2*d**2 + 2*d - 1. Let z be p(2). Suppose 1717 = 4*w - z. Suppose 16*v - w = 7*v. What is the units digit of v?
6
Suppose 150 = -9*z + 11*z. Suppose 144 = 76*v - z*v. Suppose m - 72 = v. What is the hundreds digit of m?
2
Let m be (0 - 333/(-6))/((-1)/(-6)). Let i = 24 + m. What is the tens digit of i?
5
Let t = -465 - -468. What is the units digit of t/(-15) - 533/(-65)?
8
Suppose r + 3*z - 12563 = 0, 9*r - z = 14*r - 62885. What is the units digit of r?
8
Let f = 194 + -475. Let o = -116 - f. What is the tens digit of o?
6
Suppose 9 + 1 = 2*o - 2*i, -3*i = o - 5. Let r = o + -25. Let a = 69 + r. What is the tens digit of a?
4
Let l = 600 + -597. Suppose -l*n + 1285 = -1916. What is the tens digit of n?
6
Suppose 556*x = 553*x + 18237. What is the tens digit of x?
7
Let r = -52393 + 100038. What is the thousands digit of r?
7
Let j(u) = -5*u + 13. Let k be j(0). Let c = 15 - k. Suppose 156 = c*l + 2*l. What is the units digit of l?
9
Suppose 19*i - 22074 = 6*i. Suppose 0 = 6*s - i - 5550. What is the tens digit of s?
0
Suppose -4*h + 3*v + 72879 = -3131, 2*v = -4*h + 76040. What is the units digit of h?
7
Let z be 1/((-82)/(-28) - (14 + -11)). Let q(x) = 7*x**2 - 26*x - 30. What is the thousands digit of q(z)?
1
Let y = 94 + -134. Let k = y - -48. Suppose k*i - 1733 = -141. What is the tens digit of i?
9
Let x(h) = h**3 + 36*h**2 + 22*h - 77. What is the thousands digit of x(-15)?
4
Let j = 158254 + -94101. What is the thousands digit of j?
4
Let i(t) = 4073*t - 4081. What is the thousands digit of i(6)?
0
Let n(d) = 4*d**2 + 12*d. Let l(x) = 3*x**2 + 11*x. Let u(f) = -5*l(f) + 4*n(f). What is the tens digit of u(9)?
1
Let x(n) = 0*n - 3*n + 33 - n**2 - 9 + 4*n. Let q be x(5). Suppose -412 - 576 = -q*b. What is the hundreds digit of b?
2
Let v(f) be the first derivative of 14/3*f**3 - 7*f + 2*f**2 - 6. What is the hundreds digit of v(-3)?
1
Let q be -1*225/(-12 + 3). Suppose -q*w + 46415 = -2260. What is the units digit of w?
7
Suppose n + 85 = -4*k + 8, 4*n - 16 = 2*k. Let g(m) = 3*m**2 + 45*m + 13. What is the units digit of g(k)?
5
Let p be (-936)/162 + (-2)/9. Let n(y) = -4*y**3 + 13*y**2 + 14*y + 8. What is the tens digit of n(p)?
5
Suppose -6*v + z = -v - 17, 2*v + 3*z = 0. Let m(i) = -18 + i**3 - v*i**2 + 15 + 4*i + 0*i**3. What is the tens digit of m(4)?
2
Let l = -1357 + 624. Let a = -692 - l. What is the units digit of a?
1
Suppose 5*k - 573 = 2*j, -3*k + 284 = -j - k. Let u = j + 1159. What is the tens digit of u?
8
Suppose -2*k + 2*y + 10026 = 0, -61*y = -k - 63*y + 5013. What is the tens digit of k?
1
Suppose -4*m = -3*x - m + 399, -5*m = x - 151. Suppose 4*d - 84 = 2*o, 0 = -2*o + 2*d - 92 - 2. Let v = x + o. What is the tens digit of v?
8
Let h(k) = 87*k + 145. Let l be h(-8). Let p = 918 + l. What is the units digit of p?
7
Let m = 3 - -17. Let j be (-208)/m + (-2)/(-5). What is the tens digit of ((-8)/j)/((-4)/(-490))?
9
Let g(m) = m**2 + 4*m - 21. Let w be g(-6). Suppose 0*c = -4*p - c + 238, -3*p + 4*c = -169. Let f = w + p. What is the tens digit of f?
5
Suppose 5*h + 6 = -x, -x - 2*x - 8 = 5*h. Let q be 0/(((-1)/x)/1). What is the units digit of q + (-3)/(-6) + (-9)/(-2)?
5
Suppose 0 = 167*w - 171*w + 4*s + 86560, 0 = -2*w - s + 43286. What is the units digit of w?
2
Let g = -107 - -109. Let i(a) = -96*a + 1 - a**g - 10 + 109*a. What is the units digit of i(7)?
3
Let c(y) = -4 - 74*y + 1 - 73*y + 135*y. Let s = 18 - 30. What is the hundreds digit of c(s)?
1
Let j(n) = -n**2 - 2*n - 1. Let k be j(-1). Suppose 14*h - 12*h = k. Suppose -104 = -5*u - f, -4*u + h*f = 5*f - 100. What is the tens digit of u?
2
What is the tens digit of ((-2628)/(-657))/((-8)/(-86806))?
0
Suppose 12*z - 145*z = 70*z - 1656480. What is the tens digit of z?
6
Let f be (2 - 2) + (9 - (-1 - -6)). Suppose u - 1794 = -5*n, 5*n - 1448 = n - f*u. What is the tens digit of n?
5
Let k(q) be the third derivative of -7*q**6/120 - q**4/3 - q**3/3 + q**2 + 26*q. What is the hundreds digit of k(-4)?
4
Let g be (-8)/36 - 9402/(-27). Suppose -13*z + 1515 = -10*z. Let r = z - g. What is the tens digit of r?
5
Suppose -7 = -8*t - 279. Let l = t + 36. What is the units digit of (l + -3)/(4 - (-1785)/(-445))?
9
Let w(f) = -2*f**2 - 4*f - 1. Let j be w(-2). What is the hundreds digit of -75*(6/(-9))/(j/(-4))?
2
Suppose -21290 + 9024 - 7114 = -4*k. What is the hundreds digit of k?
8
Suppose 0 = s - b, s + 2*b - 2 = 2*s. What is the tens digit of s*(-9)/6 - (-1221)/1?
1
Let x be (-34)/(-6) - 1/(-3). Suppose 0 = -4*m + 2*m - 0*m. What is the units digit of x/2 - (-5 - m)?
8
Let r be ((-47)/(-141))/((-2)/(-132)). Suppose 2*k = -3*b + 1377, 24*k = r*k + b + 1365. What is the units digit of k?
4
Suppose 0*p - 18 = -9*p. Suppose -5*c + s = -23, -p*s + 15 = 5*c - 7*s. Suppose -231 = -4*x + 4*g + 813, 785 = 3*x - c*g. What is the tens digit of x?
6
Suppose 9*a - 121 = -121. Suppose 0 = 5*m, 3304 = 4*x - m - a*m. What is the hundreds digit of x?
8
Let p be 5*8/(-60)*-627. Suppose 436 = 14*d - p. What is the units digit of d?
1
Suppose -k - k = 3*k. Suppose k*t + 66 = 3*t. What is the tens digit of t?
2
Suppose 4*o + 3*x = 8 - 42, -3*o = -2*x + 34. What is the hundreds digit of ((-6)/o)/((-10880)/(-2175) + -5)?
2
Let g = -1063 - -1783.